67?
6
What is the tens digit of 21426?
2
What is the hundreds digit of 3676?
6
What is the hundreds digit of 3198?
1
What is the thousands digit of 14147?
4
What is the tens digit of 1727?
2
What is the tens digit of 4561?
6
What is the hundreds digit of 325?
3
What is the units digit of 89475?
5
What is the units digit of 5187?
7
What is the ten thousands digit of 59696?
5
What is the tens digit of 9174?
7
What is the tens digit of 6375?
7
What is the units digit of 1444?
4
What is the ten thousands digit of 40508?
4
What is the thousands digit of 1800?
1
What is the units digit of 411?
1
What is the units digit of 30700?
0
What is the hundreds digit of 985?
9
What is the tens digit of 33511?
1
What is the units digit of 632?
2
What is the tens digit of 50622?
2
What is the hundreds digit of 1813?
8
What is the units digit of 426?
6
What is the hundreds digit of 5736?
7
What is the thousands digit of 3553?
3
What is the thousands digit of 1326?
1
What is the hundreds digit of 33626?
6
What is the hundreds digit of 33410?
4
What is the units digit of 544?
4
What is the hundreds digit of 3158?
1
What is the units digit of 2130?
0
What is the hundreds digit of 12388?
3
What is the ten thousands digit of 20087?
2
What is the thousands digit of 4130?
4
What is the tens digit of 113949?
4
What is the hundreds digit of 1063?
0
What is the tens digit of 2430?
3
What is the hundreds digit of 794?
7
What is the units digit of 24781?
1
What is the hundreds digit of 714?
7
What is the ten thousands digit of 77461?
7
What is the tens digit of 53133?
3
What is the hundreds digit of 329?
3
What is the tens digit of 14826?
2
What is the thousands digit of 1303?
1
What is the ten thousands digit of 11459?
1
What is the thousands digit of 4981?
4
What is the hundreds digit of 5958?
9
What is the hundreds digit of 1445?
4
What is the ten thousands digit of 72050?
7
What is the thousands digit of 1526?
1
What is the units digit of 6674?
4
What is the thousands digit of 96040?
6
What is the ten thousands digit of 19822?
1
What is the ten thousands digit of 61623?
6
What is the hundreds digit of 36372?
3
What is the tens digit of 849?
4
What is the ten thousands digit of 39377?
3
What is the hundreds digit of 4285?
2
What is the units digit of 1771?
1
What is the units digit of 910?
0
What is the tens digit of 3597?
9
What is the tens digit of 8178?
7
What is the units digit of 5970?
0
What is the hundreds digit of 2046?
0
What is the tens digit of 896?
9
What is the tens digit of 40060?
6
What is the tens digit of 91332?
3
What is the hundreds digit of 4538?
5
What is the units digit of 8747?
7
What is the tens digit of 551?
5
What is the units digit of 3829?
9
What is the units digit of 723?
3
What is the hundreds digit of 576?
5
What is the units digit of 207?
7
What is the tens digit of 49037?
3
What is the units digit of 1480?
0
What is the hundreds digit of 61525?
5
What is the hundreds digit of 2744?
7
What is the tens digit of 560?
6
What is the units digit of 6850?
0
What is the thousands digit of 3176?
3
What is the hundreds digit of 87497?
4
What is the thousands digit of 46403?
6
What is the hundreds digit of 874?
8
What is the units digit of 2659?
9
What is the tens digit of 1046?
4
What is the hundreds digit of 3512?
5
What is the hundreds digit of 4630?
6
What is the hundreds digit of 5463?
4
What is the hundreds digit of 4500?
5
What is the hundreds digit of 168788?
7
What is the units digit of 412?
2
What is the hundreds digit of 9943?
9
What is the thousands digit of 25069?
5
What is the units digit of 16602?
2
What is the units digit of 1516?
6
What is the tens digit of 487?
8
What is the hundreds digit of 100847?
8
What is the hundreds digit of 45415?
4
What is the units digit of 161?
1
What is the thousands digit of 2898?
2
What is the hundreds digit of 28920?
9
What is the thousands digit of 81243?
1
What is the tens digit of 4586?
8
What is the thousands digit of 8976?
8
What is the ten thousands digit of 56388?
5
What is the thousands digit of 6847?
6
What is the hundreds digit of 1290?
2
What is the tens digit of 27719?
1
What is the hundreds digit of 182?
1
What is the ten thousands digit of 19308?
1
What is the units digit of 51155?
5
What is the units digit of 47417?
7
What is the ten thousands digit of 11064?
1
What is the hundreds digit of 110850?
8
What is the hundreds digit of 31067?
0
What is the hundreds digit of 57902?
9
What is the tens digit of 1577?
7
What is the hundreds digit of 6600?
6
What is the hundreds digit of 743?
7
What is the hundreds digit of 8325?
3
What is the tens digit of 472?
7
What is the thousands digit of 1743?
1
What is the thousands digit of 6971?
6
What is the hundreds digit of 1288?
2
What is the hundreds digit of 50504?
5
What is the hundreds digit of 5211?
2
What is the units digit of 178?
8
What is the thousands digit of 61950?
1
What is the hundreds digit of 6121?
1
What is the tens digit of 8402?
0
What is the thousands digit of 24033?
4
What is the hundreds digit of 2028?
0
What is the hundreds digit of 808?
8
What is the tens digit of 2595?
9
What is the units digit of 6838?
8
What is the ten thousands digit of 35029?
3
What is the thousands digit of 4472?
4
What is the tens digit of 2316?
1
What is the tens digit of 99472?
7
What is the ten thousands digit of 76015?
7
What is the hundreds digit of 12158?
1
What is the tens digit of 872?
7
What is the thousands digit of 2263?
2
What is the thousands digit of 38151?
8
What is the tens digit of 7506?
0
What is the thousands digit of 1609?
1
What is the hundreds digit of 1221?
2
What is the thousands digit of 3683?
3
What is the thousands digit of 1717?
1
What is the thousands digit of 2026?
2
What is the hundreds digit of 82904?
9
What is the thousands digit of 70886?
0
What is the units digit of 34423?
3
What is the thousands digit of 1437?
1
What is the units digit of 47317?
7
What is the units digit of 925?
5
What is the units digit of 1864?
4
What is the thousands digit of 109155?
9
What is the thousands digit of 8953?
8
What is the tens digit of 2626?
2
What is the hundreds digit of 2549?
5
What is the hundreds digit of 1628?
6
What is the hundreds digit of 18534?
5
What is the thousands digit of 23259?
3
What is the ten thousands digit of 29182?
2
What is the thousands digit of 28369?
8
What is the tens digit of 10277?
7
What is the units digit of 2996?
6
What is the thousands digit of 1422?
1
What is the tens digit of 36656?
5
What is the units digit of 31341?
1
What is the units digit of 1062?
2
What is the thousands digit of 25278?
5
What is the thousands digit of 11093?
1
What is the hundreds digit of 668?
6
What is the hundreds digit of 6553?
5
What is the units digit of 351?
1
What is the tens digit of 16181?
8
What is the units digit of 861?
1
What is the hundreds digit of 1108?
1
What is the ten thousands digit of 26414?
2
What is the tens digit of 262?
6
What is the thousands digit of 6016?
6
What is the units digit of 3190?
0
What is the hundreds digit of 3742?
7
What is the tens digit of 1779?
7
What is the hundreds digit of 608?
6
What is the thousands digit of 7883?
7
What is the units digit of 26562?
2
What is the hundreds digit of 15866?
8
What is the thousands digit of 78384?
8
What is the hundreds digit of 899?
8
What is the hundreds digit of 4635?
6
What is the tens digit of 6753?
5
What is the tens digit of 116602?
0
What is the thousands digit of 4316?
4
What is the thousands digit of 3019?
3
What is the ten thousands digit of 94767?
9
What is the hundreds digit of 777?
7
What is the thousands digit of 3303?
3
What is the units digit of 1161?
1
What is the units digit of 3644?
4
What is the units digit of 81?
1
What is the ten thousands digit of 12250?
1
What is the hundreds digit of 1528?
5
What is the thousands digit of 52558?
2
What is the hundreds digit of 430?
4
What is the hundreds digit of 950?
9
What is the tens digit of 7872?
7
What is the thousands digit of 18883?
8
What is the tens digit of 5858?
5
What is the hundreds digit of 472?
4
What is the hundreds digit of 56374?
3
What is the units digit of 3077?
7
What is the tens digit of 3299?
9
What is the units digit of 2347?
7
What is the hundreds digit of 26